{"id":846,"date":"2020-05-15T16:17:14","date_gmt":"2020-05-15T14:17:14","guid":{"rendered":"https:\/\/www.piemontecultura.it\/sostienici\/?page_id=846"},"modified":"2021-06-08T23:52:34","modified_gmt":"2021-06-08T21:52:34","slug":"sostieni-i-nostri-progetti-culturali","status":"publish","type":"page","link":"https:\/\/www.piemontecultura.it\/sostienici\/sostieni-i-nostri-progetti-culturali\/","title":{"rendered":"Sostieni i nostri progetti culturali"},"content":{"rendered":"<div class=\"fusion-fullwidth fullwidth-box fusion-builder-row-1 nonhundred-percent-fullwidth non-hundred-percent-height-scrolling\" style=\"background-color: rgba(255,255,255,0);background-position: center center;background-repeat: no-repeat;padding-top:0px;padding-right:0px;padding-bottom:0px;padding-left:0px;margin-bottom: 0px;margin-top: 0px;border-width: 0px 0px 0px 0px;border-color:#eae9e9;border-style:solid;\" ><div class=\"fusion-builder-row fusion-row\"><div class=\"fusion-layout-column fusion_builder_column fusion-builder-column-0 fusion_builder_column_1_1 1_1 fusion-one-full fusion-column-first fusion-column-last\" style=\"margin-top:0px;margin-bottom:20px;\"><div class=\"fusion-column-wrapper fusion-flex-column-wrapper-legacy\" style=\"background-position:left top;background-repeat:no-repeat;-webkit-background-size:cover;-moz-background-size:cover;-o-background-size:cover;background-size:cover;padding: 0px 0px 0px 0px;\"><div class=\"fusion-text fusion-text-1\"><p>Per crescere e svilupparsi un progetto culturale ha bisogno d\u2019impegno, cure e molte attenzioni e di un contesto che lo supporti con altrettanta amorevolezza e dedizione.<br \/>\nCon questi ingredienti un\u2019idea pu\u00f2 diventare una grande idea e far nascere e lievitare attorno a se nuove opportunit\u00e0 di sviluppo e perch\u00e9 no, anche di nuove occasioni di lavoro per i giovani.<br \/>\nMa cosa accadrebbe se queste risorse venissero a mancare?<br \/>\nAlcuni progetti verrebbero presto abbandonati, altri sopravvivrebbero a fatica\u2026<\/p>\n<p><strong>Insieme a Voi possiamo molto!<\/strong><br \/>\n<strong>Sostenere Piemonte Cultura significa aiutarci a fare crescere i nostri progetti!<\/strong><\/p>\n<p>Sostieni le nostre idee perch\u00e9 anche dalle piccole risorse ricevute sar\u00e0 possibile costituire un prezioso fondo dedicato alla tutela e alla conservazione del nostro patrimonio culturale.<br \/>\nFare rivivere il passato e traghettarlo alle future generazioni \u00e8 la nostra semplice missione!<\/p>\n<\/div><div class=\"imageframe-align-center\"><span class=\" fusion-imageframe imageframe-none imageframe-1 hover-type-none\" style=\"margin-top:60px;margin-bottom:60px;\"><a class=\"fusion-no-lightbox\" href=\"https:\/\/www.piemontecultura.it\/sostienici\/dona-adesso-con-1-click\/\" target=\"_self\" aria-label=\"sostieni Piemonte Cultura\"><img width=\"1024\" height=\"213\" alt=\"sostieniPiemonteCultura\" src=\"https:\/\/www.piemontecultura.it\/sostienici\/wp-content\/uploads\/2020\/05\/sostieniPiemonteCultura-1024x213.png\" class=\"img-responsive wp-image-836\" srcset=\"https:\/\/www.piemontecultura.it\/sostienici\/wp-content\/uploads\/2020\/05\/sostieniPiemonteCultura-200x42.png 200w, https:\/\/www.piemontecultura.it\/sostienici\/wp-content\/uploads\/2020\/05\/sostieniPiemonteCultura-400x83.png 400w, https:\/\/www.piemontecultura.it\/sostienici\/wp-content\/uploads\/2020\/05\/sostieniPiemonteCultura-600x125.png 600w, https:\/\/www.piemontecultura.it\/sostienici\/wp-content\/uploads\/2020\/05\/sostieniPiemonteCultura-800x166.png 800w, https:\/\/www.piemontecultura.it\/sostienici\/wp-content\/uploads\/2020\/05\/sostieniPiemonteCultura-1200x249.png 1200w, https:\/\/www.piemontecultura.it\/sostienici\/wp-content\/uploads\/2020\/05\/sostieniPiemonteCultura.png 1920w\" sizes=\"(max-width: 800px) 100vw, 1024px\" \/><\/a><\/span><\/div><div class=\"fusion-clearfix\"><\/div><\/div><\/div><\/div><\/div>\n","protected":false},"excerpt":{"rendered":"","protected":false},"author":3,"featured_media":0,"parent":0,"menu_order":0,"comment_status":"closed","ping_status":"closed","template":"","meta":[],"_links":{"self":[{"href":"https:\/\/www.piemontecultura.it\/sostienici\/wp-json\/wp\/v2\/pages\/846"}],"collection":[{"href":"https:\/\/www.piemontecultura.it\/sostienici\/wp-json\/wp\/v2\/pages"}],"about":[{"href":"https:\/\/www.piemontecultura.it\/sostienici\/wp-json\/wp\/v2\/types\/page"}],"author":[{"embeddable":true,"href":"https:\/\/www.piemontecultura.it\/sostienici\/wp-json\/wp\/v2\/users\/3"}],"replies":[{"embeddable":true,"href":"https:\/\/www.piemontecultura.it\/sostienici\/wp-json\/wp\/v2\/comments?post=846"}],"version-history":[{"count":12,"href":"https:\/\/www.piemontecultura.it\/sostienici\/wp-json\/wp\/v2\/pages\/846\/revisions"}],"predecessor-version":[{"id":1061,"href":"https:\/\/www.piemontecultura.it\/sostienici\/wp-json\/wp\/v2\/pages\/846\/revisions\/1061"}],"wp:attachment":[{"href":"https:\/\/www.piemontecultura.it\/sostienici\/wp-json\/wp\/v2\/media?parent=846"}],"curies":[{"name":"wp","href":"https:\/\/api.w.org\/{rel}","templated":true}]}}