{"id":1031,"date":"2021-06-08T23:16:52","date_gmt":"2021-06-08T21:16:52","guid":{"rendered":"https:\/\/www.piemontecultura.it\/sostienici\/?page_id=1031"},"modified":"2021-07-22T14:54:50","modified_gmt":"2021-07-22T12:54:50","slug":"dona-adesso-con-1-click","status":"publish","type":"page","link":"https:\/\/www.piemontecultura.it\/sostienici\/dona-adesso-con-1-click\/","title":{"rendered":"Dona con 1 click"},"content":{"rendered":"<p><div class=\"fusion-fullwidth fullwidth-box fusion-builder-row-1 fusion-flex-container nonhundred-percent-fullwidth non-hundred-percent-height-scrolling\" style=\"background-color: rgba(255,255,255,0);background-position: center center;background-repeat: no-repeat;border-width: 0px 0px 0px 0px;border-color:#eae9e9;border-style:solid;\" ><div class=\"fusion-builder-row fusion-row fusion-flex-align-items-flex-start\" style=\"max-width:1352px;margin-left: calc(-4% \/ 2 );margin-right: calc(-4% \/ 2 );\"><div class=\"fusion-layout-column fusion_builder_column fusion-builder-column-0 fusion_builder_column_1_1 1_1 fusion-flex-column\"><div class=\"fusion-column-wrapper fusion-flex-justify-content-flex-start fusion-content-layout-column\" style=\"background-position:left top;background-repeat:no-repeat;-webkit-background-size:cover;-moz-background-size:cover;-o-background-size:cover;background-size:cover;padding: 0px 0px 0px 0px;\"><div style=\"text-align:left;\"><span class=\" fusion-imageframe imageframe-none imageframe-1 hover-type-none\" style=\"max-width:380px;\"><img width=\"1024\" height=\"213\" alt=\"sostieniPiemonteCultura\" title=\"sostieni Piemonte Cultura\" src=\"https:\/\/www.piemontecultura.it\/sostienici\/wp-content\/uploads\/2020\/05\/sostieniPiemonteCultura-1024x213.png\" class=\"img-responsive wp-image-836\" srcset=\"https:\/\/www.piemontecultura.it\/sostienici\/wp-content\/uploads\/2020\/05\/sostieniPiemonteCultura-200x42.png 200w, https:\/\/www.piemontecultura.it\/sostienici\/wp-content\/uploads\/2020\/05\/sostieniPiemonteCultura-400x83.png 400w, https:\/\/www.piemontecultura.it\/sostienici\/wp-content\/uploads\/2020\/05\/sostieniPiemonteCultura-600x125.png 600w, https:\/\/www.piemontecultura.it\/sostienici\/wp-content\/uploads\/2020\/05\/sostieniPiemonteCultura-800x166.png 800w, https:\/\/www.piemontecultura.it\/sostienici\/wp-content\/uploads\/2020\/05\/sostieniPiemonteCultura-1200x249.png 1200w, https:\/\/www.piemontecultura.it\/sostienici\/wp-content\/uploads\/2020\/05\/sostieniPiemonteCultura.png 1920w\" sizes=\"(max-width: 1024px) 100vw, (max-width: 640px) 100vw, 1024px\" \/><\/span><\/div><div class=\"fusion-separator fusion-full-width-sep\" style=\"align-self: center;margin-left: auto;margin-right: auto;margin-top:30px;margin-bottom:30px;width:100%;\"><\/div><div class=\"fusion-text fusion-text-1\"><p><em>Amico della Cultura, <\/em><\/p>\n<p><em>per te \u00e8 molto pi\u00f9 facile sostenere il nostro progetto culturale; ora puoi scegliere comodamente tra le tre modalit\u00e0 di contributo liberale qui di seguito proposte.<\/em><\/p>\n<p><em>Qualsiasi scelta effettuerai ci aiuterai a sostenere i nostri progetti, i nostri volontari e le nostre attivit\u00e0 culturali e sociali.<\/em><\/p>\n<p><em>Dunque, se veramente ami la tradizione popolare, se credi nella nostra missione e se, soprattutto, provi grande amore per la cultura regionale che ti lega, come le tue origini, al territorio della nostra Regione, ebbene, questo \u00e8 il momento di dimostrarci affetto e concreto sostegno.<\/em><\/p>\n<p><strong>Scegli qui come donare liberamente:<\/strong><\/p>\n<\/div><div class=\"fusion-separator fusion-full-width-sep\" style=\"align-self: center;margin-left: auto;margin-right: auto;margin-top:10px;margin-bottom:10px;width:100%;\"><\/div><\/div><style type=\"text\/css\">.fusion-body .fusion-builder-column-0{width:100% !important;margin-top : 0px;margin-bottom : 0px;}.fusion-builder-column-0 > .fusion-column-wrapper {padding-top : 0px !important;padding-right : 0px !important;margin-right : 1.92%;padding-bottom : 0px !important;padding-left : 0px !important;margin-left : 1.92%;}@media only screen and (max-width:1024px) {.fusion-body .fusion-builder-column-0{width:100% !important;}.fusion-builder-column-0 > .fusion-column-wrapper {margin-right : 1.92%;margin-left : 1.92%;}}@media only screen and (max-width:640px) {.fusion-body .fusion-builder-column-0{width:100% !important;}.fusion-builder-column-0 > .fusion-column-wrapper {margin-right : 1.92%;margin-left : 1.92%;}}<\/style><\/div><\/div><style type=\"text\/css\">.fusion-body .fusion-flex-container.fusion-builder-row-1{ padding-top : 0px;margin-top : 0px;padding-right : 0px;padding-bottom : 0px;margin-bottom : 0px;padding-left : 0px;}<\/style><\/div><div class=\"fusion-fullwidth fullwidth-box fusion-builder-row-2 fusion-flex-container nonhundred-percent-fullwidth non-hundred-percent-height-scrolling\" style=\"background-color: rgba(255,255,255,0);background-position: center center;background-repeat: no-repeat;border-width: 0px 0px 0px 0px;border-color:#eae9e9;border-style:solid;\" ><div class=\"fusion-builder-row fusion-row fusion-flex-align-items-flex-start\" style=\"max-width:1352px;margin-left: calc(-4% \/ 2 );margin-right: calc(-4% \/ 2 );\"><div class=\"fusion-layout-column fusion_builder_column fusion-builder-column-1 fusion_builder_column_1_4 1_4 fusion-flex-column\"><div class=\"fusion-column-wrapper fusion-flex-justify-content-flex-start fusion-content-layout-column\" style=\"background-position:left top;background-repeat:no-repeat;-webkit-background-size:cover;-moz-background-size:cover;-o-background-size:cover;background-size:cover;padding: 0px 0px 0px 0px;\"><div ><div class=\"imageframe-liftup\"><span class=\" fusion-imageframe imageframe-none imageframe-2\"><a class=\"fusion-no-lightbox\" href=\"https:\/\/www.piemontecultura.it\/sostienici\/donations\/raccolta-fondi-con-un-gesto-nobile-salviamo-la-cultura\/\" target=\"_self\" aria-label=\"Raccolta fondi\"><img width=\"900\" height=\"900\" alt=\"Salviamo la Cultura Raccolta fondi\" src=\"https:\/\/www.piemontecultura.it\/sostienici\/wp-content\/uploads\/2020\/05\/Raccolta-fondi-2.jpg\" class=\"img-responsive wp-image-987\" srcset=\"https:\/\/www.piemontecultura.it\/sostienici\/wp-content\/uploads\/2020\/05\/Raccolta-fondi-2-200x200.jpg 200w, https:\/\/www.piemontecultura.it\/sostienici\/wp-content\/uploads\/2020\/05\/Raccolta-fondi-2-400x400.jpg 400w, https:\/\/www.piemontecultura.it\/sostienici\/wp-content\/uploads\/2020\/05\/Raccolta-fondi-2-600x600.jpg 600w, https:\/\/www.piemontecultura.it\/sostienici\/wp-content\/uploads\/2020\/05\/Raccolta-fondi-2-800x800.jpg 800w, https:\/\/www.piemontecultura.it\/sostienici\/wp-content\/uploads\/2020\/05\/Raccolta-fondi-2.jpg 900w\" sizes=\"(max-width: 1024px) 100vw, (max-width: 640px) 100vw, 400px\" \/><\/a><\/span><\/div><\/div><\/div><style type=\"text\/css\">.fusion-body .fusion-builder-column-1{width:25% !important;margin-top : 0px;margin-bottom : 0px;}.fusion-builder-column-1 > .fusion-column-wrapper {padding-top : 0px !important;padding-right : 0px !important;margin-right : 7.68%;padding-bottom : 0px !important;padding-left : 0px !important;margin-left : 7.68%;}@media only screen and (max-width:1024px) {.fusion-body .fusion-builder-column-1{width:100% !important;}.fusion-builder-column-1 > .fusion-column-wrapper {margin-right : 1.92%;margin-left : 1.92%;}}@media only screen and (max-width:640px) {.fusion-body .fusion-builder-column-1{width:100% !important;}.fusion-builder-column-1 > .fusion-column-wrapper {margin-right : 1.92%;margin-left : 1.92%;}}<\/style><\/div><div class=\"fusion-layout-column fusion_builder_column fusion-builder-column-2 fusion_builder_column_1_4 1_4 fusion-flex-column\"><div class=\"fusion-column-wrapper fusion-flex-justify-content-flex-start fusion-content-layout-column\" style=\"background-position:left top;background-repeat:no-repeat;-webkit-background-size:cover;-moz-background-size:cover;-o-background-size:cover;background-size:cover;padding: 0px 0px 0px 0px;\"><div ><div class=\"imageframe-liftup\"><span class=\" fusion-imageframe imageframe-none imageframe-3\"><a class=\"fusion-no-lightbox\" href=\"https:\/\/www.piemontecultura.it\/sostienici\/donations\/raccolta-fondi-salotto-letterario\/\" target=\"_self\"><img width=\"900\" height=\"900\" alt=\"Casa Contrada San Paolo Raccolta Fondi\" src=\"https:\/\/www.piemontecultura.it\/sostienici\/wp-content\/uploads\/2020\/05\/san-paolo-CROWDFUNDING.jpg\" class=\"img-responsive wp-image-986\" srcset=\"https:\/\/www.piemontecultura.it\/sostienici\/wp-content\/uploads\/2020\/05\/san-paolo-CROWDFUNDING-200x200.jpg 200w, https:\/\/www.piemontecultura.it\/sostienici\/wp-content\/uploads\/2020\/05\/san-paolo-CROWDFUNDING-400x400.jpg 400w, https:\/\/www.piemontecultura.it\/sostienici\/wp-content\/uploads\/2020\/05\/san-paolo-CROWDFUNDING-600x600.jpg 600w, https:\/\/www.piemontecultura.it\/sostienici\/wp-content\/uploads\/2020\/05\/san-paolo-CROWDFUNDING-800x800.jpg 800w, https:\/\/www.piemontecultura.it\/sostienici\/wp-content\/uploads\/2020\/05\/san-paolo-CROWDFUNDING.jpg 900w\" sizes=\"(max-width: 1024px) 100vw, (max-width: 640px) 100vw, 400px\" \/><\/a><\/span><\/div><\/div><\/div><style type=\"text\/css\">.fusion-body .fusion-builder-column-2{width:25% !important;margin-top : 0px;margin-bottom : 0px;}.fusion-builder-column-2 > .fusion-column-wrapper {padding-top : 0px !important;padding-right : 0px !important;margin-right : 7.68%;padding-bottom : 0px !important;padding-left : 0px !important;margin-left : 7.68%;}@media only screen and (max-width:1024px) {.fusion-body .fusion-builder-column-2{width:100% !important;}.fusion-builder-column-2 > .fusion-column-wrapper {margin-right : 1.92%;margin-left : 1.92%;}}@media only screen and (max-width:640px) {.fusion-body .fusion-builder-column-2{width:100% !important;}.fusion-builder-column-2 > .fusion-column-wrapper {margin-right : 1.92%;margin-left : 1.92%;}}<\/style><\/div><div class=\"fusion-layout-column fusion_builder_column fusion-builder-column-3 fusion_builder_column_1_4 1_4 fusion-flex-column\"><div class=\"fusion-column-wrapper fusion-flex-justify-content-flex-start fusion-content-layout-column\" style=\"background-position:left top;background-repeat:no-repeat;-webkit-background-size:cover;-moz-background-size:cover;-o-background-size:cover;background-size:cover;padding: 0px 0px 0px 0px;\"><div ><div class=\"imageframe-liftup\"><span class=\" fusion-imageframe imageframe-none imageframe-4\"><a class=\"fusion-no-lightbox\" href=\"https:\/\/www.piemontecultura.it\/5x1000-2\/\" target=\"_blank\" aria-label=\"5X1000\" rel=\"noopener noreferrer\"><img width=\"900\" height=\"900\" src=\"https:\/\/www.piemontecultura.it\/sostienici\/wp-content\/uploads\/2021\/06\/5X1000.jpg\" class=\"img-responsive wp-image-1034\" srcset=\"https:\/\/www.piemontecultura.it\/sostienici\/wp-content\/uploads\/2021\/06\/5X1000-200x200.jpg 200w, https:\/\/www.piemontecultura.it\/sostienici\/wp-content\/uploads\/2021\/06\/5X1000-400x400.jpg 400w, https:\/\/www.piemontecultura.it\/sostienici\/wp-content\/uploads\/2021\/06\/5X1000-600x600.jpg 600w, https:\/\/www.piemontecultura.it\/sostienici\/wp-content\/uploads\/2021\/06\/5X1000-800x800.jpg 800w, https:\/\/www.piemontecultura.it\/sostienici\/wp-content\/uploads\/2021\/06\/5X1000.jpg 900w\" sizes=\"(max-width: 1024px) 100vw, (max-width: 640px) 100vw, 400px\" \/><\/a><\/span><\/div><\/div><\/div><style type=\"text\/css\">.fusion-body .fusion-builder-column-3{width:25% !important;margin-top : 0px;margin-bottom : 0px;}.fusion-builder-column-3 > .fusion-column-wrapper {padding-top : 0px !important;padding-right : 0px !important;margin-right : 7.68%;padding-bottom : 0px !important;padding-left : 0px !important;margin-left : 7.68%;}@media only screen and (max-width:1024px) {.fusion-body .fusion-builder-column-3{width:100% !important;}.fusion-builder-column-3 > .fusion-column-wrapper {margin-right : 1.92%;margin-left : 1.92%;}}@media only screen and (max-width:640px) {.fusion-body .fusion-builder-column-3{width:100% !important;}.fusion-builder-column-3 > .fusion-column-wrapper {margin-right : 1.92%;margin-left : 1.92%;}}<\/style><\/div><div class=\"fusion-layout-column fusion_builder_column fusion-builder-column-4 fusion_builder_column_1_4 1_4 fusion-flex-column\"><div class=\"fusion-column-wrapper fusion-flex-justify-content-flex-start fusion-content-layout-column\" style=\"background-position:left top;background-repeat:no-repeat;-webkit-background-size:cover;-moz-background-size:cover;-o-background-size:cover;background-size:cover;padding: 0px 0px 0px 0px;\"><div ><div class=\"imageframe-liftup\"><span class=\" fusion-imageframe imageframe-none imageframe-5\"><a class=\"fusion-no-lightbox\" href=\"https:\/\/www.satispay.com\/download\/qrcode\/S6Y-SHP--F15551D9-2870-4C35-941E-0E28F2F2EF49\" target=\"_blank\" aria-label=\"dona con satispay\" rel=\"noopener noreferrer\"><img width=\"900\" height=\"900\" src=\"https:\/\/www.piemontecultura.it\/sostienici\/wp-content\/uploads\/2021\/07\/pulsante-satispay.jpg\" class=\"img-responsive wp-image-1083\" srcset=\"https:\/\/www.piemontecultura.it\/sostienici\/wp-content\/uploads\/2021\/07\/pulsante-satispay-200x200.jpg 200w, https:\/\/www.piemontecultura.it\/sostienici\/wp-content\/uploads\/2021\/07\/pulsante-satispay-400x400.jpg 400w, https:\/\/www.piemontecultura.it\/sostienici\/wp-content\/uploads\/2021\/07\/pulsante-satispay-600x600.jpg 600w, https:\/\/www.piemontecultura.it\/sostienici\/wp-content\/uploads\/2021\/07\/pulsante-satispay-800x800.jpg 800w, https:\/\/www.piemontecultura.it\/sostienici\/wp-content\/uploads\/2021\/07\/pulsante-satispay.jpg 900w\" sizes=\"(max-width: 1024px) 100vw, (max-width: 640px) 100vw, 400px\" \/><\/a><\/span><\/div><\/div><\/div><style type=\"text\/css\">.fusion-body .fusion-builder-column-4{width:25% !important;margin-top : 0px;margin-bottom : 0px;}.fusion-builder-column-4 > .fusion-column-wrapper {padding-top : 0px !important;padding-right : 0px !important;margin-right : 7.68%;padding-bottom : 0px !important;padding-left : 0px !important;margin-left : 7.68%;}@media only screen and (max-width:1024px) {.fusion-body .fusion-builder-column-4{width:100% !important;}.fusion-builder-column-4 > .fusion-column-wrapper {margin-right : 1.92%;margin-left : 1.92%;}}@media only screen and (max-width:640px) {.fusion-body .fusion-builder-column-4{width:100% !important;}.fusion-builder-column-4 > .fusion-column-wrapper {margin-right : 1.92%;margin-left : 1.92%;}}<\/style><\/div><\/div><style type=\"text\/css\">.fusion-body .fusion-flex-container.fusion-builder-row-2{ padding-top : 0px;margin-top : 0px;padding-right : 0px;padding-bottom : 0px;margin-bottom : 0px;padding-left : 0px;}<\/style><\/div><\/p>\n","protected":false},"excerpt":{"rendered":"","protected":false},"author":3,"featured_media":0,"parent":0,"menu_order":0,"comment_status":"closed","ping_status":"closed","template":"","meta":[],"_links":{"self":[{"href":"https:\/\/www.piemontecultura.it\/sostienici\/wp-json\/wp\/v2\/pages\/1031"}],"collection":[{"href":"https:\/\/www.piemontecultura.it\/sostienici\/wp-json\/wp\/v2\/pages"}],"about":[{"href":"https:\/\/www.piemontecultura.it\/sostienici\/wp-json\/wp\/v2\/types\/page"}],"author":[{"embeddable":true,"href":"https:\/\/www.piemontecultura.it\/sostienici\/wp-json\/wp\/v2\/users\/3"}],"replies":[{"embeddable":true,"href":"https:\/\/www.piemontecultura.it\/sostienici\/wp-json\/wp\/v2\/comments?post=1031"}],"version-history":[{"count":18,"href":"https:\/\/www.piemontecultura.it\/sostienici\/wp-json\/wp\/v2\/pages\/1031\/revisions"}],"predecessor-version":[{"id":1084,"href":"https:\/\/www.piemontecultura.it\/sostienici\/wp-json\/wp\/v2\/pages\/1031\/revisions\/1084"}],"wp:attachment":[{"href":"https:\/\/www.piemontecultura.it\/sostienici\/wp-json\/wp\/v2\/media?parent=1031"}],"curies":[{"name":"wp","href":"https:\/\/api.w.org\/{rel}","templated":true}]}}